e remainder when 45 is divided by q.
21
Let z = -200 + 284. What is the remainder when z is divided by 32?
20
Suppose 2*g - 19 = -15. Suppose 4*j - 39 = 3*z - 6, 4*j + 2*z - 18 = 0. Calculate the remainder when (g - 1)/(9/189) is divided by j.
3
Suppose 7*h = 3*h - 4*g + 140, -4*g = 16. What is the remainder when 73 is divided by h?
34
Let m(x) = -13*x - 6. Calculate the remainder when m(-4) is divided by (-126)/(-7) - -3 - 4.
12
Let w(m) = m**2 - 13*m + 63. Calculate the remainder when 48 is divided by w(9).
21
Let s be (0 - 4) + 3 + 30. Let z(p) = -3*p**2 - 10 - 3*p**3 + s - 19. What is the remainder when 35 is divided by z(-2)?
11
Suppose 3*u + 12 = l + 3*l, -2*u + 6 = 2*l. Suppose u = 3*p - 48 + 12. What is the remainder when p is divided by 5?
2
Suppose -2*j + 2*v = -16, -3*j + 21 = -5*v - 9. Suppose 5*x + 643 + 62 = j*q, 5*q - x = 685. Calculate the remainder when 29 is divided by (-2)/6 - q/(-12).
7
Let j(b) = 11*b**2 + 7*b - 6. Let r be j(4). Let o = 296 - r. Suppose -7523 = -32*w - 340*w + 1777. Calculate the remainder when o is divided by w.
23
Let h(s) = 3*s**2 + 3*s - 6. Let c(m) = -m**3 - 2*m**2 + m + 2. Let k be c(-2). Let w be k/10 - 5/1. Calculate the remainder when h(w) is divided by 28.
26
Calculate the remainder when (924/112)/((-12)/(-128)) is divided by 47.
41
Let r = -221 - -143. Calculate the remainder when 99 is divided by ((-60)/r)/5 + 258/13.
19
Suppose 77 - 227 = -3*y. Let n be 1/(-6) - (-2495)/30. Let c = n + -57. Calculate the remainder when y is divided by c.
24
Let f = 28 - -7. Suppose -p = 3*p - 20. Suppose -5*g + 4*h = -49, -p*g - 5*h + 53 = 13. What is the remainder when f is divided by g?
8
Let h(d) = d**3 - 10*d**2 + 14*d + 30. Calculate the remainder when 40 is divided by h(8).
12
Let l be 4/(-8) + 13/2. Calculate the remainder when 15 is divided by (-30)/l*12/(-10).
3
Suppose 54 = 5*n - 5*s - 46, 0 = -s - 2. Let g(y) = -y**3 + 18*y**2 + 2*y - 19. What is the remainder when 65 is divided by g(n)?
14
Suppose 2*x = 2*s + 3*s - 28, -s + 24 = -5*x. Suppose 0 = 5*z - 4*f - 2 - 40, -24 = -5*z - 2*f. What is the remainder when z is divided by s?
2
Let v(z) = z**2 + z + 8. Let f(c) = -c**2 - 2*c - 9. Let d(t) = -6*f(t) - 5*v(t). Let i = -7 + 15. Calculate the remainder when d(-7) is divided by i.
6
Let k(h) = -5*h - 3. Suppose 39 = 5*u + c, -7*u = -3*u + 3*c - 40. Calculate the remainder when k(-3) is divided by u.
5
Let f = -13 - 9. Let h(u) = u**2 - 9*u - 16. Let x be h(13). Let z = f + x. Calculate the remainder when z is divided by 8.
6
Let a = 187 + -68. Calculate the remainder when a is divided by 60.
59
Calculate the remainder when 96 is divided by (-2*18/(-15))/(12/30).
0
Let v(p) = p**3 - 12*p**2 + 14*p + 24. Let n be (2 - 3)/((-3)/33). Calculate the remainder when v(n) is divided by 20.
17
What is the remainder when ((-2612)/(-8) + 5)*(-14)/(-21) is divided by 24?
5
Suppose 3*c - 4 - 5 = 0. Suppose c*q = 7*q - 12. Suppose -2*r = q*r - 30. Calculate the remainder when 11 is divided by r.
5
Let w(r) = 4*r**3 - 7 + 15*r**2 + 2*r**3 - 5*r**3 - 2*r - 3. What is the remainder when (-222)/(-4)*4/6 is divided by w(-15)?
17
Suppose -5*n + 649 = 2*d, -133 = 4*n - 5*n - 2*d. Calculate the remainder when n is divided by 27.
21
Let y(u) = 53*u**2 - 4*u - 3. Suppose 9*g - 2556 = -3*g. Calculate the remainder when g is divided by y(-1).
51
Suppose 2*q - 7 - 7 = -5*b, -2*b + 2*q + 14 = 0. Suppose 2*u = -3*m - 1, 0 = -3*u - b*m + m + 6. Calculate the remainder when 1 + (u + -2)*9 is divided by 16.
14
Suppose 2*x - 222 = 3*i, 0 = 2*i + 1 + 3. Suppose -7*p + 186 = -x. Calculate the remainder when p is divided by 22.
20
Suppose -2*m + 1 = -5*b - 0*b, 3*m - 4*b + 16 = 0. Let u(g) = -g - 8. What is the remainder when 19 is divided by u(m)?
3
Let p(u) = u**3 + 3*u**2 + u - 2. Let l be p(-2). Let b = -4548 + 4559. Calculate the remainder when (0 - l - -2) + 39 is divided by b.
8
Let f be ((-7)/(-2))/(3/18). Suppose -z + y = 5, 3*z - 2*y = -f + 1. Calculate the remainder when 19 is divided by 3 + (1 + -4 - z).
9
Let c(b) = -b**3 + 19*b**2 - 15*b - 43. What is the remainder when c(18) is divided by 11?
0
Suppose -2*m - 5*c - 15 = 0, m + 2*c + 9 = c. Let q = m + 36. What is the remainder when 77 is divided by q?
25
Let d(w) = 8*w. Let t be d(0). Suppose -6*l - 25 = -l, t = 5*z - 2*l - 295. Calculate the remainder when z is divided by 20.
17
Suppose -3*p - 7 = 3*u + 5, 0 = 3*p - u. Let s(q) = 22*q**2 - 3*q - 2. What is the remainder when 66 is divided by s(p)?
20
Let y(n) = -9*n**2 + 4 - 16*n + 15*n**2 - 7*n**2. Let v be y(-16). Suppose -v*i + 93 = -i. What is the remainder when 122 is divided by i?
29
Suppose -189*y - 4*r = -191*y + 348, 0 = -3*r + 6. Let u = -19 + 31. Calculate the remainder when y is divided by u.
10
Suppose -f = 5*n - 30, -n + 3 = -1. What is the remainder when 59 is divided by f?
9
Let u(t) = -21*t - 302. Calculate the remainder when u(-22) is divided by 82.
78
Suppose -5*k = -2*r + 16, 2*r = -5*k - 2*r + 2. Let z = -339 - -345. What is the remainder when ((-54)/4 - -2)*k is divided by z?
5
Let l(q) = -q**3 - 5*q**2 + 18*q + 58. Calculate the remainder when l(-8) is divided by 9.
7
Let r(i) = -i**3 - 27*i**2 - 4*i - 39. What is the remainder when r(-27) is divided by 10?
9
Let z(d) be the second derivative of d**4/12 - 7*d**3/6 + 5*d**2/2 + 7*d. Let k be z(7). Suppose 51 = k*a - 4. Calculate the remainder when 31 is divided by a.
9
Calculate the remainder when 61 is divided by (75/(-20))/(((-27)/(-84))/(-3)).
26
Suppose -19*m + 275 = -14*m. Let z = -38 + m. What is the remainder when 32 is divided by z?
15
Suppose 31*g - 1107 = -270. Calculate the remainder when 104 is divided by g.
23
Suppose 84 = 17*r - 21*r. Let u = r + 27. What is the remainder when 20 is divided by u?
2
Let a(z) = -z**2 - 11*z. Let g be a(-11). Suppose t - 33 - 2 = g. What is the remainder when t is divided by 14?
7
Let k = -367 + 417. Calculate the remainder when 143 is divided by k.
43
Let s(j) = -4*j - 1. Let n(b) = -b**3 + 5*b + 12. What is the remainder when n(-5) is divided by s(-6)?
20
Let a = 288 + -161. What is the remainder when a is divided by 10?
7
What is the remainder when 0 - (-4)/(-6) - (-12411)/27 is divided by 22?
19
Let f be (-4)/(-14) + (-144)/(-84). Let q(s) = -s**3 - 3*s**2 - 4*s. Calculate the remainder when f/((-4)/(-50)) + -3 is divided by q(-3).
10
Suppose 0 = 48*g + 3*g - 11373. Calculate the remainder when g is divided by 9.
7
Let m(t) = 21*t - 142. Calculate the remainder when m(10) is divided by 25.
18
Suppose -88 = 5*m - 23. Let l(k) = -k**2 - 18*k - 5. Calculate the remainder when l(m) is divided by 21.
18
Suppose -3*s - 47 = 4*y, 0*y - 3*s - 7 = -y. Let f be 14/56 + 74/y. What is the remainder when 37 is divided by (-132)/f - (-12)/(-18)?
9
Suppose k = -k - 10. Let n = -4 - k. What is the remainder when 1 + (2 - (2 + -2)) is divided by n?
0
Suppose 4*s = -4*u + 104, 3 - 28 = -5*s. Calculate the remainder when 324 is divided by u.
9
Suppose -5*c + 25 = 0, 2*c - 1150 = -4*t + t. Calculate the remainder when t is divided by 96.
92
Let x = 26 + -10. Suppose x = u + 6. Suppose 5*w - 76 = 3*w. What is the remainder when w is divided by u?
8
Suppose -56 - 16 = -3*v. Let s(t) = -2*t + 29. What is the remainder when v is divided by s(8)?
11
Let m(t) = t**2 + 5*t + 9. Let x = 32 - 42. Calculate the remainder when m(x) is divided by 10.
9
Let v(u) = -u**2 - 7*u + 3. Let q be v(-7). Let j be 5 + q/6*-4. Suppose -x + 35 = j*o, -x - 1 = -5*o + 4. Calculate the remainder when 38 is divided by x.
18
Suppose -m - 2 = -8. What is the remainder when m/((-49)/26 - -2) is divided by (-32)/12 - (-450)/27?
10
Let n be 5 + (-7)/(21/(-282)). Suppose 6*g - 27 - n = 0. Calculate the remainder when 228 is divided by g.
18
Suppose 0 = 38*g - 48*g + 90. What is the remainder when 519 is divided by g?
6
Let w be (-75)/(-9) + (-4)/(-6). Let k = 16 - w. Suppose 2*r - 4*r + g + 45 = 0, 0 = -r + 4*g + 40. What is the remainder when r is divided by k?
6
Let h = -796 + 807. Calculate the remainder when 86 is divided by h.
9
Let i = -167 + 89. Let d = i + 104. What is the remainder when d is divided by 10?
6
Suppose -t - 11 = -22. Let s(c) = 2*c**2 - 22*c + 13. What is the remainder when 50 is divided by s(t)?
11
Let h be 3/(-3) + (-44)/(-